{"id":202,"date":"2020-10-18T18:07:23","date_gmt":"2020-10-18T17:07:23","guid":{"rendered":"https:\/\/myaim.fr\/?post_type=product&amp;p=202"},"modified":"2020-10-18T18:07:23","modified_gmt":"2020-10-18T17:07:23","slug":"carte-cadeau-50","status":"publish","type":"product","link":"https:\/\/myaim.fr\/index.php\/product\/carte-cadeau-50\/","title":{"rendered":"Carte Cadeau 50"},"content":{"rendered":"<p>Offrez-vous cette Carte Cadeau et \u00e9conomiser pour publier plus d&rsquo;Annonces.<\/p>\n<p>Cette Carte Cadeau donne le droit \u00e0 une valeur de 60,00 \u20ac que vous pouvez acqu\u00e9rir pour seulement 50,00 euros, soit un gain de 20% sur le montant r\u00e9gl\u00e9.<\/p>\n<p>Vous avez la possibilit\u00e9 de l&rsquo;envoyer directement \u00e0 une personne de votre choix en saisissant son adresse Email.<\/p>\n<p>N&rsquo;oubliez pas de lui \u00e9crire un petit mot et lui dire combien vous \u00eates heureux de le soutenir pour qu&rsquo;il puisse publier plus de Petites Annonces.<\/p>\n<p><em>Avec l&rsquo;acquisition de Cartes Cadeaux, vous cumulez des points qui vous permettrons d&rsquo;obtenir une r\u00e9duction sur vos prochaines publications, par exemple, un montant r\u00e9gl\u00e9 H.T. est de 40,00 euros, vous fait gagn\u00e9 40 points, <strong>soit un gain de 10%<\/strong> calcul\u00e9 sur le H.T. (exemple : la contre-valeur de 10 Points est \u00e9gal \u00e0 1,00 euros).<\/em><\/p>\n<p>Toutes les Cartes Cadeaux ont une dur\u00e9e d&rsquo;utilisation de 180 jours maximum et doivent \u00eatre utilis\u00e9es avant ce terme.<\/p>\n<p>Les Cartes Cadeaux ne peuvent pas \u00eatre utilis\u00e9es pour acqu\u00e9rir des Cartes Cadeaux.<\/p>\n","protected":false},"excerpt":{"rendered":"<p>Offrez-vous cette Carte Cadeau et \u00e9conomiser pour publier plus d&rsquo;Annonces.<\/p>\n<p>Cette Carte Cadeau donne le droit \u00e0 une valeur de 60,00 \u20ac que vous pouvez acqu\u00e9rir pour seulement 50,00 euros, soit un gain de 20% sur le montant r\u00e9gl\u00e9<\/p>\n<p>Vous avez la possibilit\u00e9 de l&rsquo;envoyer directement \u00e0 une personne de votre choix en saisissant son adresse Email.<\/p>\n<p>N&rsquo;oubliez pas de lui \u00e9crire un petit mot et lui dire combien vous \u00eates heureux de le soutenir pour qu&rsquo;il puisse publier plus de Petites Annonces.<\/p>\n<p><em>Avec l&rsquo;acquisition de Cartes Cadeaux, vous cumulez des points qui vous permettrons d&rsquo;obtenir une r\u00e9duction sur vos prochaines publications, par exemple, un montant r\u00e9gl\u00e9 H.T. est de 40,00 euros, vous fait gagn\u00e9 40 points, <strong>soit un gain de 10%<\/strong> calcul\u00e9 sur le H.T. (exemple : la contre-valeur de 40 Points est \u00e9gal \u00e0 4,00 euros).<\/em><\/p>\n<p>Toutes les Cartes Cadeaux ont une dur\u00e9e d&rsquo;utilisation de 180 jours maximum et doivent \u00eatre utilis\u00e9es avant ce terme.<\/p>\n<p>Les Cartes Cadeaux ne peuvent pas \u00eatre utilis\u00e9es pour acqu\u00e9rir des Cartes Cadeaux.<\/p>\n","protected":false},"featured_media":203,"comment_status":"open","ping_status":"closed","template":"","meta":{"ocean_post_layout":"","ocean_both_sidebars_style":"","ocean_both_sidebars_content_width":0,"ocean_both_sidebars_sidebars_width":0,"ocean_sidebar":"0","ocean_second_sidebar":"0","ocean_disable_margins":"enable","ocean_add_body_class":"","ocean_shortcode_before_top_bar":"","ocean_shortcode_after_top_bar":"","ocean_shortcode_before_header":"","ocean_shortcode_after_header":"","ocean_has_shortcode":"","ocean_shortcode_after_title":"","ocean_shortcode_before_footer_widgets":"","ocean_shortcode_after_footer_widgets":"","ocean_shortcode_before_footer_bottom":"","ocean_shortcode_after_footer_bottom":"","ocean_display_top_bar":"default","ocean_display_header":"default","ocean_header_style":"","ocean_center_header_left_menu":"0","ocean_custom_header_template":"0","ocean_custom_logo":0,"ocean_custom_retina_logo":0,"ocean_custom_logo_max_width":0,"ocean_custom_logo_tablet_max_width":0,"ocean_custom_logo_mobile_max_width":0,"ocean_custom_logo_max_height":0,"ocean_custom_logo_tablet_max_height":0,"ocean_custom_logo_mobile_max_height":0,"ocean_header_custom_menu":"0","ocean_menu_typo_font_family":"0","ocean_menu_typo_font_subset":"","ocean_menu_typo_font_size":0,"ocean_menu_typo_font_size_tablet":0,"ocean_menu_typo_font_size_mobile":0,"ocean_menu_typo_font_size_unit":"px","ocean_menu_typo_font_weight":"","ocean_menu_typo_font_weight_tablet":"","ocean_menu_typo_font_weight_mobile":"","ocean_menu_typo_transform":"","ocean_menu_typo_transform_tablet":"","ocean_menu_typo_transform_mobile":"","ocean_menu_typo_line_height":0,"ocean_menu_typo_line_height_tablet":0,"ocean_menu_typo_line_height_mobile":0,"ocean_menu_typo_line_height_unit":"","ocean_menu_typo_spacing":0,"ocean_menu_typo_spacing_tablet":0,"ocean_menu_typo_spacing_mobile":0,"ocean_menu_typo_spacing_unit":"","ocean_menu_link_color":"","ocean_menu_link_color_hover":"","ocean_menu_link_color_active":"","ocean_menu_link_background":"","ocean_menu_link_hover_background":"","ocean_menu_link_active_background":"","ocean_menu_social_links_bg":"","ocean_menu_social_hover_links_bg":"","ocean_menu_social_links_color":"","ocean_menu_social_hover_links_color":"","ocean_disable_title":"default","ocean_disable_heading":"default","ocean_post_title":"","ocean_post_subheading":"","ocean_post_title_style":"","ocean_post_title_background_color":"","ocean_post_title_background":0,"ocean_post_title_bg_image_position":"","ocean_post_title_bg_image_attachment":"","ocean_post_title_bg_image_repeat":"","ocean_post_title_bg_image_size":"","ocean_post_title_height":0,"ocean_post_title_bg_overlay":0.5,"ocean_post_title_bg_overlay_color":"","ocean_disable_breadcrumbs":"default","ocean_breadcrumbs_color":"","ocean_breadcrumbs_separator_color":"","ocean_breadcrumbs_links_color":"","ocean_breadcrumbs_links_hover_color":"","ocean_display_footer_widgets":"default","ocean_display_footer_bottom":"default","ocean_custom_footer_template":"0","ofc_meta_disable_footer_callout":"","ofc_meta_callout_button_url":"","ofc_meta_callout_button_txt":"","ofc_meta_callout_text":"","ofc_enable_fullscreen":"disable","ofc_fullscreen_speed":0,"ofc_fullscreen_nav":"enable","ofc_fullscreen_nav_pos":"right","ofc_fullscreen_nav_color":"","ofc_fullscreen_nav_tooltip_color":"","ofc_fullscreen_responsive":0,"osp_disable_panel":"default","osh_disable_topbar_sticky":"default","osh_disable_header_sticky":"default","osh_sticky_header_style":"default","osh_sticky_header_effect":"","osh_custom_sticky_logo":0,"osh_custom_retina_sticky_logo":0,"osh_custom_sticky_logo_height":0,"osh_background_color":"","osh_links_color":"","osh_links_hover_color":"","osh_links_active_color":"","osh_links_bg_color":"","osh_links_hover_bg_color":"","osh_links_active_bg_color":"","osh_menu_social_links_color":"","osh_menu_social_hover_links_color":""},"product_brand":[],"product_cat":[165],"product_tag":[],"class_list":{"0":"post-202","1":"product","2":"type-product","3":"status-publish","4":"has-post-thumbnail","6":"product_cat-cartes_cadeaux","8":"entry","9":"has-media","11":"first","12":"instock","13":"sale","14":"featured","15":"virtual","16":"purchasable","17":"product-type-simple","18":"has-product-nav","19":"col","20":"span_1_of_3","21":"owp-content-center","22":"owp-thumbs-layout-horizontal","23":"owp-btn-normal","24":"owp-tabs-layout-horizontal","25":"has-no-thumbnails"},"_links":{"self":[{"href":"https:\/\/myaim.fr\/index.php\/wp-json\/wp\/v2\/product\/202","targetHints":{"allow":["GET"]}}],"collection":[{"href":"https:\/\/myaim.fr\/index.php\/wp-json\/wp\/v2\/product"}],"about":[{"href":"https:\/\/myaim.fr\/index.php\/wp-json\/wp\/v2\/types\/product"}],"replies":[{"embeddable":true,"href":"https:\/\/myaim.fr\/index.php\/wp-json\/wp\/v2\/comments?post=202"}],"wp:featuredmedia":[{"embeddable":true,"href":"https:\/\/myaim.fr\/index.php\/wp-json\/wp\/v2\/media\/203"}],"wp:attachment":[{"href":"https:\/\/myaim.fr\/index.php\/wp-json\/wp\/v2\/media?parent=202"}],"wp:term":[{"taxonomy":"product_brand","embeddable":true,"href":"https:\/\/myaim.fr\/index.php\/wp-json\/wp\/v2\/product_brand?post=202"},{"taxonomy":"product_cat","embeddable":true,"href":"https:\/\/myaim.fr\/index.php\/wp-json\/wp\/v2\/product_cat?post=202"},{"taxonomy":"product_tag","embeddable":true,"href":"https:\/\/myaim.fr\/index.php\/wp-json\/wp\/v2\/product_tag?post=202"}],"curies":[{"name":"wp","href":"https:\/\/api.w.org\/{rel}","templated":true}]}}