{"id":1359,"date":"2021-03-20T12:06:23","date_gmt":"2021-03-20T10:06:23","guid":{"rendered":"https:\/\/myaim.fr\/?page_id=1359"},"modified":"2021-03-20T12:06:23","modified_gmt":"2021-03-20T10:06:23","slug":"offres-pour-particulier","status":"publish","type":"page","link":"https:\/\/myaim.fr\/index.php\/offres-pour-particulier\/","title":{"rendered":"Offres pour Particulier"},"content":{"rendered":"\t\t<div data-elementor-type=\"wp-page\" data-elementor-id=\"1359\" class=\"elementor elementor-1359\">\n\t\t\t\t\t\t<section data-exad-particle-enable=\"false\" class=\"elementor-section elementor-top-section elementor-element elementor-element-c945e6e elementor-section-boxed elementor-section-height-default elementor-section-height-default exad-parallax-effect-no exad-background-color-change-no exad-glass-effect-no exad-sticky-section-no\" data-id=\"c945e6e\" data-element_type=\"section\" data-e-type=\"section\">\n\t\t\t\t\t\t<div class=\"elementor-container elementor-column-gap-default\">\n\t\t\t\t\t<div class=\"elementor-column elementor-col-16 elementor-top-column elementor-element elementor-element-54b553b exad-glass-effect-no exad-sticky-section-no\" data-id=\"54b553b\" data-element_type=\"column\" data-e-type=\"column\">\n\t\t\t<div class=\"elementor-widget-wrap\">\n\t\t\t\t\t\t\t<\/div>\n\t\t<\/div>\n\t\t\t\t<div class=\"elementor-column elementor-col-66 elementor-top-column elementor-element elementor-element-045afd3 exad-glass-effect-no exad-sticky-section-no\" data-id=\"045afd3\" data-element_type=\"column\" data-e-type=\"column\">\n\t\t\t<div class=\"elementor-widget-wrap elementor-element-populated\">\n\t\t\t\t\t\t<div class=\"elementor-element elementor-element-f3ad988 exad-sticky-section-no exad-glass-effect-no elementor-widget elementor-widget-text-editor\" data-id=\"f3ad988\" data-element_type=\"widget\" data-e-type=\"widget\" data-widget_type=\"text-editor.default\">\n\t\t\t\t\t\t\t\t\t<p><span style=\"color: #000000;\">Cette Offre r\u00e9serv\u00e9e aux Particuliers vous permet de publier Gratuitement vos Annonces pendant 61 jours.<\/span><\/p>\n<p><span style=\"color: #000000;\">Vous pouvez profiter pour optimiser sa diffusion en choisissant notre offre <strong><span style=\"color: #0000ff;\"><a style=\"color: #0000ff;\" href=\"https:\/\/www.test.myaim.fr\/annonce-en-vedette-particulier-61-jours\/\">Annonces en Vedette<\/a><\/span>,&nbsp;<\/strong> et b\u00e9n\u00e9ficiez du m\u00eame tarif r\u00e9serv\u00e9 aux Professionnels soit 0,05 cents d&rsquo;euro par jour.<\/span><\/p>\n<p><span style=\"color: #000000;\"><strong>Conseil<\/strong> : Si vous publiez plusieurs Annonce en Vedette, regardez dans l&rsquo;onglet <span style=\"color: #0000ff;\"><a style=\"color: #0000ff;\" href=\"https:\/\/www.test.myaim.fr\/boutique\/\"><strong>Boutique<\/strong><\/a><\/span> et r\u00e9alisez encore plus d&rsquo;\u00e9conomies en&nbsp; acqu\u00e9rant une ou des <span style=\"color: #0000ff;\"><a style=\"color: #0000ff;\" href=\"https:\/\/www.test.myaim.fr\/boutique\/\"><strong>Cartes Cadeaux<\/strong><\/a><\/span>.<\/span><\/p>\n<p><span style=\"color: #000000;\"><strong>Info<\/strong> : Vous pouvez offrir des Cartes Cadeaux \u00e0 des Proches ou aux Professionnels que vous souhaitez soutenir, pour y acc\u00e9der<\/span> <span style=\"color: #0000ff;\"><a style=\"color: #0000ff;\" href=\"https:\/\/www.test.myaim.fr\/boutique\/\"><strong>cliquez-ici<\/strong>&nbsp;<\/a><\/span> <span style=\"color: #000000;\">:-<\/span><\/p>\t\t\t\t\t\t\t\t<\/div>\n\t\t\t\t\t<\/div>\n\t\t<\/div>\n\t\t\t\t<div class=\"elementor-column elementor-col-16 elementor-top-column elementor-element elementor-element-b07e67c exad-glass-effect-no exad-sticky-section-no\" data-id=\"b07e67c\" data-element_type=\"column\" data-e-type=\"column\">\n\t\t\t<div class=\"elementor-widget-wrap\">\n\t\t\t\t\t\t\t<\/div>\n\t\t<\/div>\n\t\t\t\t\t<\/div>\n\t\t<\/section>\n\t\t\t\t<section data-exad-particle-enable=\"false\" class=\"elementor-section elementor-top-section elementor-element elementor-element-fb60d63 elementor-section-boxed elementor-section-height-default elementor-section-height-default exad-parallax-effect-no exad-background-color-change-no exad-glass-effect-no exad-sticky-section-no\" data-id=\"fb60d63\" data-element_type=\"section\" data-e-type=\"section\">\n\t\t\t\t\t\t<div class=\"elementor-container elementor-column-gap-wide\">\n\t\t\t\t\t<div class=\"elementor-column elementor-col-100 elementor-top-column elementor-element elementor-element-defad96 exad-glass-effect-no exad-sticky-section-no\" data-id=\"defad96\" data-element_type=\"column\" data-e-type=\"column\">\n\t\t\t<div class=\"elementor-widget-wrap elementor-element-populated\">\n\t\t\t\t\t\t<div class=\"elementor-element elementor-element-2e89af0 exad-sticky-section-no exad-glass-effect-no elementor-widget elementor-widget-image\" data-id=\"2e89af0\" data-element_type=\"widget\" data-e-type=\"widget\" data-widget_type=\"image.default\">\n\t\t\t\t\t\t\t\t\t\t\t\t<figure class=\"wp-caption\">\n\t\t\t\t\t\t\t\t\t\t<img fetchpriority=\"high\" decoding=\"async\" width=\"640\" height=\"426\" src=\"https:\/\/myaim.fr\/wp-content\/uploads\/2020\/10\/Annonce-MyAim-gratuit.jpg\" class=\"elementor-animation-pulse attachment-medium_large size-medium_large wp-image-1785\" alt=\"Annonce gratuite MyAim\" srcset=\"https:\/\/myaim.fr\/wp-content\/uploads\/2020\/10\/Annonce-MyAim-gratuit.jpg 640w, https:\/\/myaim.fr\/wp-content\/uploads\/2020\/10\/Annonce-MyAim-gratuit-300x200.jpg 300w, https:\/\/myaim.fr\/wp-content\/uploads\/2020\/10\/Annonce-MyAim-gratuit-600x399.jpg 600w\" sizes=\"(max-width: 640px) 100vw, 640px\" \/>\t\t\t\t\t\t\t\t\t\t\t<figcaption class=\"widget-image-caption wp-caption-text\">Annonce gratuite sur le site MyAim.fr<\/figcaption>\n\t\t\t\t\t\t\t\t\t\t<\/figure>\n\t\t\t\t\t\t\t\t\t<\/div>\n\t\t\t\t<div class=\"elementor-element elementor-element-bdd7593 exad-sticky-section-no exad-glass-effect-no elementor-widget elementor-widget-text-editor\" data-id=\"bdd7593\" data-element_type=\"widget\" data-e-type=\"widget\" data-widget_type=\"text-editor.default\">\n\t\t\t\t\t\t\t\t\t<p><div id=\"fm_plans_container\" >\n\n    \n    <div class=\"atbd_plans_row\">\n                        <div class=\"atbd_plan_col atbd_plan_col3 dwpp_annonce gratuite pour particulier\">\n                    <div class=\"pricing pricing--1  shadow-lg-2\">\n                                                <div class=\"pricing__title\">\n                            <h4>Annonce Gratuite pour Particulier                                                            <\/h4>\n                        <\/div>\n                        <div class=\"pricing__price rounded\">\n                            <div class=\"pricing-onsale\">\n                                                            <\/div>\n                            <div class=\"pricing-part\">\n                                <p class=\"pricing_value\">\n                                    <sup>&#36;<\/sup>\n\n                                    0,00                                    <sup><\/sup>\n                                <\/p>\n                                <span>\/ 61 jours<\/span>\n                            <\/div>\n                            <p class=\"pricing_subtitle\">Par Annonce<\/p>\n                                                        <div class=\"pricing__price--valid-fee\">\n                                                                                            <\/div>\n                            \n                                                            <p class=\"pricing_description\"><h2 style=\"text-align: center;\"><span style=\"color: #000000;\"><strong>R\u00e9serv\u00e9 aux Particuliers<\/strong><\/span><\/h2>\n<span style=\"color: #000000;\">MyAim.fr vous propose <span style=\"vertical-align: inherit;\">cette<strong> Annonce<\/strong>\u00a0<strong>Gratuite<\/strong> pour sa publication pendant 61 jours.<\/span><\/span>\n\n<strong><span style=\"color: #000000;\">Pour saisir votre Annonce Gratuitement cliquez sur : <\/span><\/strong><a href=\"https:\/\/myaim.fr\/ajouter-une-annonce\/?directory_type=166&#038;plan=1916\"><span style=\"color: #0000ff;\"><strong>Je veux saisir mon Annonce Gratuite<\/strong><\/span><\/a>\n\n<span style=\"color: #000000;\"><strong>Info : vous pouvez nous soutenir<\/strong> en optant pour une parution pendant 90 jours de votre <strong>Annonce en Vedette<\/strong>, ce qui vous offre plus d&rsquo;options pour sa mise en valeur et attirer plus d&rsquo;acqu\u00e9reurs potentiel. Son co\u00fbt est laiss\u00e9 \u00e0 1,20 euro T.T.C. pour 1 mois soit 3,60 euros T.T.C. pour 90 jours de parution (dont 20,00 % de taxe T.V.A comprise).<\/span>\n\n<span style=\"color: #000000;\"><strong>ok, je suis heureux de vous soutenir et je clic sur : <\/strong><a href=\"https:\/\/myaim.fr\/ajouter-une-annonce\/?directory_type=166&#038;plan=2593\" rel=\"noopener\"><span style=\"color: #0000ff;\"><strong>Je veux que mon Annonce soit en Vedette<\/strong><\/span><\/a><\/span>\u00a0 \ud83d\ude42<\/p>\n                                                        \n                        <\/div>\n                        <div class=\"pricing__features\">\n                            <ul>\n                                                                            <li>\n                                                <i class=\"directorist-icon-mask directorist_green\" aria-hidden=\"true\" style=\"--directorist-icon: url(https:\/\/myaim.fr\/wp-content\/plugins\/directorist\/assets\/icons\/font-awesome\/svgs\/solid\/check.svg)\"><\/i>Title    \n                                            <\/li>\n                                                                                        <li>\n                                                <i class=\"directorist-icon-mask directorist_green\" aria-hidden=\"true\" style=\"--directorist-icon: url(https:\/\/myaim.fr\/wp-content\/plugins\/directorist\/assets\/icons\/font-awesome\/svgs\/solid\/check.svg)\"><\/i>Description \n                                                <small>(Maximum de 2500)                                                <\/small>\n                                                    \n                                            <\/li>\n                                                                                        <li>\n                                                <i class=\"directorist-icon-mask directorist_green\" aria-hidden=\"true\" style=\"--directorist-icon: url(https:\/\/myaim.fr\/wp-content\/plugins\/directorist\/assets\/icons\/font-awesome\/svgs\/solid\/check.svg)\"><\/i>Category \n                                                <small>(Maximum de 1)                                                <\/small>\n                                                    \n                                            <\/li>\n                                                                                        <li>\n                                                <i class=\"directorist-icon-mask directorist_green\" aria-hidden=\"true\" style=\"--directorist-icon: url(https:\/\/myaim.fr\/wp-content\/plugins\/directorist\/assets\/icons\/font-awesome\/svgs\/solid\/check.svg)\"><\/i>Pricing    \n                                            <\/li>\n                                                                                        <li>\n                                                <i class=\"directorist-icon-mask directorist_red\" aria-hidden=\"true\" style=\"--directorist-icon: url(https:\/\/myaim.fr\/wp-content\/plugins\/directorist\/assets\/icons\/font-awesome\/svgs\/solid\/times.svg)\"><\/i>Price Unit    \n                                            <\/li>\n                                                                                        <li>\n                                                <i class=\"directorist-icon-mask directorist_red\" aria-hidden=\"true\" style=\"--directorist-icon: url(https:\/\/myaim.fr\/wp-content\/plugins\/directorist\/assets\/icons\/font-awesome\/svgs\/solid\/times.svg)\"><\/i>Price Range    \n                                            <\/li>\n                                                                                        <li>\n                                                <i class=\"directorist-icon-mask directorist_green\" aria-hidden=\"true\" style=\"--directorist-icon: url(https:\/\/myaim.fr\/wp-content\/plugins\/directorist\/assets\/icons\/font-awesome\/svgs\/solid\/check.svg)\"><\/i>Email    \n                                            <\/li>\n                                                                                        <li>\n                                                <i class=\"directorist-icon-mask directorist_green\" aria-hidden=\"true\" style=\"--directorist-icon: url(https:\/\/myaim.fr\/wp-content\/plugins\/directorist\/assets\/icons\/font-awesome\/svgs\/solid\/check.svg)\"><\/i>Phone    \n                                            <\/li>\n                                                                                        <li>\n                                                <i class=\"directorist-icon-mask directorist_green\" aria-hidden=\"true\" style=\"--directorist-icon: url(https:\/\/myaim.fr\/wp-content\/plugins\/directorist\/assets\/icons\/font-awesome\/svgs\/solid\/check.svg)\"><\/i>Address    \n                                            <\/li>\n                                                                                        <li>\n                                                <i class=\"directorist-icon-mask directorist_green\" aria-hidden=\"true\" style=\"--directorist-icon: url(https:\/\/myaim.fr\/wp-content\/plugins\/directorist\/assets\/icons\/font-awesome\/svgs\/solid\/check.svg)\"><\/i>Map    \n                                            <\/li>\n                                                                                        <li>\n                                                <i class=\"directorist-icon-mask directorist_green\" aria-hidden=\"true\" style=\"--directorist-icon: url(https:\/\/myaim.fr\/wp-content\/plugins\/directorist\/assets\/icons\/font-awesome\/svgs\/solid\/check.svg)\"><\/i>Select Files \n                                                <small>(Maximum de 3)                                                <\/small>\n                                                    \n                                            <\/li>\n                                                                                        <li>\n                                                <i class=\"directorist-icon-mask directorist_red\" aria-hidden=\"true\" style=\"--directorist-icon: url(https:\/\/myaim.fr\/wp-content\/plugins\/directorist\/assets\/icons\/font-awesome\/svgs\/solid\/times.svg)\"><\/i>Ads type    \n                                            <\/li>\n                                                                                        <li>\n                                                <i class=\"directorist-icon-mask directorist_red\" aria-hidden=\"true\" style=\"--directorist-icon: url(https:\/\/myaim.fr\/wp-content\/plugins\/directorist\/assets\/icons\/font-awesome\/svgs\/solid\/times.svg)\"><\/i>Condition    \n                                            <\/li>\n                                                                                <li>\n                                        <i class=\"directorist-icon-mask directorist_green\" aria-hidden=\"true\" style=\"--directorist-icon: url(https:\/\/myaim.fr\/wp-content\/plugins\/directorist\/assets\/icons\/font-awesome\/svgs\/solid\/check.svg)\"><\/i>Contacter directement le Propri\u00e9taire de l&rsquo;Annonce par Email                                     <\/li>\n                                                                    <li>\n                                        <i class=\"directorist-icon-mask directorist_green\" aria-hidden=\"true\" style=\"--directorist-icon: url(https:\/\/myaim.fr\/wp-content\/plugins\/directorist\/assets\/icons\/font-awesome\/svgs\/solid\/check.svg)\"><\/i>Autorise les Commentaires sur les Annonces                                    <\/li>\n                                                                    <li>\n                                    <i class=\"directorist-icon-mask directorist_green\" aria-hidden=\"true\" style=\"--directorist-icon: url(https:\/\/myaim.fr\/wp-content\/plugins\/directorist\/assets\/icons\/font-awesome\/svgs\/solid\/check.svg)\"><\/i>Chat en Direct inclus                                    <\/li>\n                                                                    <li>\n                                        <i class=\"directorist-icon-mask directorist_green\" aria-hidden=\"true\" style=\"--directorist-icon: url(https:\/\/myaim.fr\/wp-content\/plugins\/directorist\/assets\/icons\/font-awesome\/svgs\/solid\/check.svg)\"><\/i>Marquer comme Vendu inclus                                    <\/li>\n                                \n                            <\/ul>\n                            <div class=\"directorist-pricing__action\">\n                                                                <input id=\"fee_plans[1916]\" type=\"hidden\"\n                                       value=\"1916\" name=\"fm_plans\">\n                                <label for=\"fee_plans[1916]\"><a\n                                            href=\"\/index.php\/wp-json\/wp\/v2\/pages\/1359?directory_type=17&#038;plan=1916\"\n                                            onclick=\"return true;\"\n                                            class=\"btn btn-block directorist-pricing__action--btn \"\n                                            data-active_status=\"\">Cliquez ici pour valider et Continuer<\/a><\/label>\n                            <\/div>\n                        <\/div>\n                    <\/div>\n                <\/div>\n                    <\/div> <!--ends. row-->\n<\/div> <!--ends. fm_plans_container-->\n<\/p>\t\t\t\t\t\t\t\t<\/div>\n\t\t\t\t\t<\/div>\n\t\t<\/div>\n\t\t\t\t\t<\/div>\n\t\t<\/section>\n\t\t\t\t<section data-exad-particle-enable=\"false\" class=\"elementor-section elementor-top-section elementor-element elementor-element-e2aeb55 elementor-section-boxed elementor-section-height-default elementor-section-height-default exad-parallax-effect-no exad-background-color-change-no exad-glass-effect-no exad-sticky-section-no\" data-id=\"e2aeb55\" data-element_type=\"section\" data-e-type=\"section\">\n\t\t\t\t\t\t<div class=\"elementor-container elementor-column-gap-default\">\n\t\t\t\t\t<div class=\"elementor-column elementor-col-33 elementor-top-column elementor-element elementor-element-36fdfa8 exad-glass-effect-no exad-sticky-section-no\" data-id=\"36fdfa8\" data-element_type=\"column\" data-e-type=\"column\">\n\t\t\t<div class=\"elementor-widget-wrap\">\n\t\t\t\t\t\t\t<\/div>\n\t\t<\/div>\n\t\t\t\t<div class=\"elementor-column elementor-col-33 elementor-top-column elementor-element elementor-element-1895599 exad-glass-effect-no exad-sticky-section-no\" data-id=\"1895599\" data-element_type=\"column\" data-e-type=\"column\">\n\t\t\t<div class=\"elementor-widget-wrap elementor-element-populated\">\n\t\t\t\t\t\t<div class=\"elementor-element elementor-element-8355623 animated-slow exad-sticky-section-no exad-glass-effect-no elementor-invisible elementor-widget elementor-widget-text-editor\" data-id=\"8355623\" data-element_type=\"widget\" data-e-type=\"widget\" data-settings=\"{&quot;_animation&quot;:&quot;zoomInDown&quot;}\" data-widget_type=\"text-editor.default\">\n\t\t\t\t\t\t\t\t\t<p><\/p>\t\t\t\t\t\t\t\t<\/div>\n\t\t\t\t\t<\/div>\n\t\t<\/div>\n\t\t\t\t<div class=\"elementor-column elementor-col-33 elementor-top-column elementor-element elementor-element-4b64b6c exad-glass-effect-no exad-sticky-section-no\" data-id=\"4b64b6c\" data-element_type=\"column\" data-e-type=\"column\">\n\t\t\t<div class=\"elementor-widget-wrap\">\n\t\t\t\t\t\t\t<\/div>\n\t\t<\/div>\n\t\t\t\t\t<\/div>\n\t\t<\/section>\n\t\t\t\t<section data-exad-particle-enable=\"false\" class=\"elementor-section elementor-top-section elementor-element elementor-element-e508e58 elementor-section-boxed elementor-section-height-default elementor-section-height-default exad-parallax-effect-no exad-background-color-change-no exad-glass-effect-no exad-sticky-section-no\" data-id=\"e508e58\" data-element_type=\"section\" data-e-type=\"section\">\n\t\t\t\t\t\t<div class=\"elementor-container elementor-column-gap-default\">\n\t\t\t\t\t<div class=\"elementor-column elementor-col-100 elementor-top-column elementor-element elementor-element-39fd2a5 exad-glass-effect-no exad-sticky-section-no\" data-id=\"39fd2a5\" data-element_type=\"column\" data-e-type=\"column\">\n\t\t\t<div class=\"elementor-widget-wrap elementor-element-populated\">\n\t\t\t\t\t\t<section data-exad-particle-enable=\"false\" class=\"elementor-section elementor-inner-section elementor-element elementor-element-a529fef elementor-section-boxed elementor-section-height-default elementor-section-height-default exad-parallax-effect-no exad-background-color-change-no exad-glass-effect-no exad-sticky-section-no\" data-id=\"a529fef\" data-element_type=\"section\" data-e-type=\"section\">\n\t\t\t\t\t\t<div class=\"elementor-container elementor-column-gap-default\">\n\t\t\t\t\t<div class=\"elementor-column elementor-col-50 elementor-inner-column elementor-element elementor-element-db9b5a8 exad-glass-effect-no exad-sticky-section-no\" data-id=\"db9b5a8\" data-element_type=\"column\" data-e-type=\"column\">\n\t\t\t<div class=\"elementor-widget-wrap\">\n\t\t\t\t\t\t\t<\/div>\n\t\t<\/div>\n\t\t\t\t<div class=\"elementor-column elementor-col-50 elementor-inner-column elementor-element elementor-element-9716ebd exad-glass-effect-no exad-sticky-section-no\" data-id=\"9716ebd\" data-element_type=\"column\" data-e-type=\"column\">\n\t\t\t<div class=\"elementor-widget-wrap\">\n\t\t\t\t\t\t\t<\/div>\n\t\t<\/div>\n\t\t\t\t\t<\/div>\n\t\t<\/section>\n\t\t\t\t\t<\/div>\n\t\t<\/div>\n\t\t\t\t\t<\/div>\n\t\t<\/section>\n\t\t\t\t<\/div>\n\t\t","protected":false},"excerpt":{"rendered":"<p>Cette Offre r\u00e9serv\u00e9e aux Particuliers vous permet de publier Gratuitement vos Annonces pendant 61 jours. Vous pouvez profiter pour optimiser sa diffusion en choisissant notre offre Annonces en Vedette,&nbsp; et b\u00e9n\u00e9ficiez du m\u00eame tarif r\u00e9serv\u00e9 aux Professionnels soit 0,05 cents d&rsquo;euro par jour. Conseil : Si vous publiez plusieurs Annonce en Vedette, regardez dans l&rsquo;onglet [&hellip;]<\/p>\n","protected":false},"author":1,"featured_media":0,"parent":0,"menu_order":0,"comment_status":"closed","ping_status":"closed","template":"elementor_header_footer","meta":{"ocean_post_layout":"","ocean_both_sidebars_style":"","ocean_both_sidebars_content_width":0,"ocean_both_sidebars_sidebars_width":0,"ocean_sidebar":"0","ocean_second_sidebar":"0","ocean_disable_margins":"enable","ocean_add_body_class":"","ocean_shortcode_before_top_bar":"","ocean_shortcode_after_top_bar":"","ocean_shortcode_before_header":"","ocean_shortcode_after_header":"","ocean_has_shortcode":"","ocean_shortcode_after_title":"","ocean_shortcode_before_footer_widgets":"","ocean_shortcode_after_footer_widgets":"","ocean_shortcode_before_footer_bottom":"","ocean_shortcode_after_footer_bottom":"","ocean_display_top_bar":"default","ocean_display_header":"default","ocean_header_style":"","ocean_center_header_left_menu":"0","ocean_custom_header_template":"0","ocean_custom_logo":0,"ocean_custom_retina_logo":0,"ocean_custom_logo_max_width":0,"ocean_custom_logo_tablet_max_width":0,"ocean_custom_logo_mobile_max_width":0,"ocean_custom_logo_max_height":0,"ocean_custom_logo_tablet_max_height":0,"ocean_custom_logo_mobile_max_height":0,"ocean_header_custom_menu":"0","ocean_menu_typo_font_family":"0","ocean_menu_typo_font_subset":"","ocean_menu_typo_font_size":0,"ocean_menu_typo_font_size_tablet":0,"ocean_menu_typo_font_size_mobile":0,"ocean_menu_typo_font_size_unit":"px","ocean_menu_typo_font_weight":"","ocean_menu_typo_font_weight_tablet":"","ocean_menu_typo_font_weight_mobile":"","ocean_menu_typo_transform":"","ocean_menu_typo_transform_tablet":"","ocean_menu_typo_transform_mobile":"","ocean_menu_typo_line_height":0,"ocean_menu_typo_line_height_tablet":0,"ocean_menu_typo_line_height_mobile":0,"ocean_menu_typo_line_height_unit":"","ocean_menu_typo_spacing":0,"ocean_menu_typo_spacing_tablet":0,"ocean_menu_typo_spacing_mobile":0,"ocean_menu_typo_spacing_unit":"","ocean_menu_link_color":"","ocean_menu_link_color_hover":"","ocean_menu_link_color_active":"","ocean_menu_link_background":"","ocean_menu_link_hover_background":"","ocean_menu_link_active_background":"","ocean_menu_social_links_bg":"","ocean_menu_social_hover_links_bg":"","ocean_menu_social_links_color":"","ocean_menu_social_hover_links_color":"","ocean_disable_title":"default","ocean_disable_heading":"default","ocean_post_title":"","ocean_post_subheading":"","ocean_post_title_style":"","ocean_post_title_background_color":"","ocean_post_title_background":0,"ocean_post_title_bg_image_position":"","ocean_post_title_bg_image_attachment":"","ocean_post_title_bg_image_repeat":"","ocean_post_title_bg_image_size":"","ocean_post_title_height":0,"ocean_post_title_bg_overlay":0.5,"ocean_post_title_bg_overlay_color":"","ocean_disable_breadcrumbs":"default","ocean_breadcrumbs_color":"","ocean_breadcrumbs_separator_color":"","ocean_breadcrumbs_links_color":"","ocean_breadcrumbs_links_hover_color":"","ocean_display_footer_widgets":"default","ocean_display_footer_bottom":"default","ocean_custom_footer_template":"0","ofc_meta_disable_footer_callout":"","ofc_meta_callout_button_url":"","ofc_meta_callout_button_txt":"","ofc_meta_callout_text":"","ofc_enable_fullscreen":"disable","ofc_fullscreen_speed":0,"ofc_fullscreen_nav":"enable","ofc_fullscreen_nav_pos":"right","ofc_fullscreen_nav_color":"","ofc_fullscreen_nav_tooltip_color":"","ofc_fullscreen_responsive":0,"osp_disable_panel":"default","osh_disable_topbar_sticky":"default","osh_disable_header_sticky":"default","osh_sticky_header_style":"default","osh_sticky_header_effect":"","osh_custom_sticky_logo":0,"osh_custom_retina_sticky_logo":0,"osh_custom_sticky_logo_height":0,"osh_background_color":"","osh_links_color":"","osh_links_hover_color":"","osh_links_active_color":"","osh_links_bg_color":"","osh_links_hover_bg_color":"","osh_links_active_bg_color":"","osh_menu_social_links_color":"","osh_menu_social_hover_links_color":"","footnotes":""},"class_list":["post-1359","page","type-page","status-publish","hentry","entry","owp-thumbs-layout-horizontal","owp-btn-normal","owp-tabs-layout-horizontal","has-no-thumbnails","has-product-nav"],"_links":{"self":[{"href":"https:\/\/myaim.fr\/index.php\/wp-json\/wp\/v2\/pages\/1359","targetHints":{"allow":["GET"]}}],"collection":[{"href":"https:\/\/myaim.fr\/index.php\/wp-json\/wp\/v2\/pages"}],"about":[{"href":"https:\/\/myaim.fr\/index.php\/wp-json\/wp\/v2\/types\/page"}],"author":[{"embeddable":true,"href":"https:\/\/myaim.fr\/index.php\/wp-json\/wp\/v2\/users\/1"}],"replies":[{"embeddable":true,"href":"https:\/\/myaim.fr\/index.php\/wp-json\/wp\/v2\/comments?post=1359"}],"version-history":[{"count":0,"href":"https:\/\/myaim.fr\/index.php\/wp-json\/wp\/v2\/pages\/1359\/revisions"}],"wp:attachment":[{"href":"https:\/\/myaim.fr\/index.php\/wp-json\/wp\/v2\/media?parent=1359"}],"curies":[{"name":"wp","href":"https:\/\/api.w.org\/{rel}","templated":true}]}}